+ 40. Suppose -2*r = -3*r + h. Let u be (5/(-5))/((-4)/308). Calculate the highest common factor of r and u.
11
Let v be ((-706)/(-13))/2 - 10/65. Calculate the highest common divisor of v and 162.
27
Suppose 0 = 2*n + 8, 5*s + 20 = -4*n - n. Let a be 42*(s + 3 + -2). What is the greatest common divisor of a and 6?
6
Suppose 2 + 4 = 2*w. Suppose 2*o = -6, -w*o + 7 = f + 3*f. What is the greatest common divisor of f and 4?
4
Suppose -7*t = -11*t + 60. What is the highest common divisor of t and 5?
5
Let s(c) = c**3 + 6*c**2 + 4*c + 5. Let n be s(-5). Let t(w) = -11*w + 8. Let p be t(7). Let i = -19 - p. Calculate the greatest common divisor of i and n.
10
Let j(c) = 7*c**3 - c**2 + 4*c - 12. Let y be j(2). What is the highest common divisor of 32 and y?
16
Let m(c) = -c**3 + 5*c**2 - 5*c + 6. Let b be m(4). Let d be 1 + -2 + 42/b. Suppose -3*j - 20 = -5*j. Calculate the greatest common factor of d and j.
10
Let o = 9 - -4. Let v = 21 + -8. Calculate the greatest common divisor of v and o.
13
Suppose 2*q = 3*r - 218 + 73, -2*r - q + 85 = 0. What is the greatest common divisor of 5 and r?
5
Let s = -40 - -85. Suppose -4*q - 28 + 100 = 0. What is the highest common divisor of s and q?
9
Let k(g) = g**2 + 6*g + 1. Let y be k(-7). Calculate the highest common factor of y and 72.
8
Let r = -3 + 7. Suppose 0*c - 5*c = -20. Let p = 5 - c. Calculate the greatest common divisor of p and r.
1
Let c(j) = j**2 + 99. Let m be c(0). Suppose 0 = -0*s + 5*s - b - 37, 2*s - 16 = b. Suppose -3*a - 44 = -s*a. What is the greatest common divisor of m and a?
11
Let g = 9 + -5. Suppose 0 = 2*r + r - 3. What is the greatest common factor of r and g?
1
Let y = 4 - -3. Calculate the greatest common factor of 1 and y.
1
Suppose -2*i - 23 + 26 = 5*t, 3*i - 67 = 5*t. Calculate the greatest common factor of i and 63.
7
Suppose 0 = -2*k - 10 - 12. Let o(h) = -h**2 - 11*h + 15. Let u be o(k). What is the greatest common divisor of 165 and u?
15
Suppose -n - 12 = -2*t - 0*n, 0 = -4*n + 16. Suppose 0 = -5*q + 2*v + 30, 4*q = q + 5*v + 37. What is the highest common divisor of q and t?
4
Suppose 0 = -a - 4*a - 145. Let h = 77 + a. What is the highest common divisor of 6 and h?
6
Let z(w) = 2*w + 20. Let k be z(10). What is the greatest common divisor of 50 and k?
10
Let d be 1/(-5)*-5 + 28. Suppose 2*c + 4 = 6. Suppose -o - 2*w - 3*w + c = 0, 2*o = -w + d. What is the greatest common divisor of 4 and o?
4
Let h = 170 - 125. What is the highest common factor of h and 495?
45
Let o = -19 - -8. Let l be 4*2/4 - o. What is the highest common divisor of 13 and l?
13
Let b = 36 + -14. Suppose -2*l + a = 3*a - 486, 3*l - 3*a = 723. What is the highest common divisor of b and l?
22
Let j(q) = 2*q + 2. Let k be j(1). Suppose 15 = k*y - 1. Calculate the greatest common divisor of 16 and y.
4
Suppose -5*h - 6 = 4*l, -3*l = 2*l - h + 22. Let z be 82 + (3 - (l + 9)). Calculate the greatest common divisor of 32 and z.
16
Suppose 3*s = 4*i + 8, -5*s = 3*i - 18 - 5. What is the greatest common factor of i and 5?
1
Let s = -6 + 49. Calculate the greatest common divisor of s and 172.
43
Suppose 0 = -2*c + c + 12. Let r be (2/2)/((-2)/(-36)). Calculate the greatest common divisor of r and c.
6
Suppose 0 = -5*d + b + 49, -b + 18 = 2*d - 3*b. What is the greatest common divisor of 30 and d?
10
Suppose -g - 4*r = -27, -5*r + 76 = 5*g + 1. Suppose 3*d = 2*d + g. Let o be 2/(-3) - (-730)/6. What is the highest common divisor of o and d?
11
Let f(i) = -12*i - 7. Let v be f(-6). Calculate the greatest common divisor of v and 13.
13
Let d = 3 - 6. Let b = 6 + d. Calculate the greatest common factor of 24 and b.
3
Suppose -w + 12 = 2*w. Suppose 4*h - w = -3*a, -4*a + 4*h + 30 = 6. What is the greatest common divisor of 1 and a?
1
Let d(t) = -t**2 - 9*t + 3. Let b be d(-9). What is the highest common factor of 27 and b?
3
Let i(k) = 135*k**3 + 2*k**2 - k. Let u be i(1). Let q = 190 - u. Calculate the highest common factor of 9 and q.
9
Suppose -2*v = -0*v - 366. Suppose -234 = -3*x + 4*p, -3*x = 5*p - v - 51. Calculate the greatest common divisor of x and 52.
26
Let k = -43 - -87. Calculate the greatest common factor of 4 and k.
4
Let o = 20 - 12. Let d(n) = n**3 - n**2 - 2*n - 1. Let i be d(3). Let j = i - o. Calculate the greatest common factor of 21 and j.
3
Suppose 0*p + 5*p = -1295. Let h = 427 + p. Calculate the highest common divisor of h and 21.
21
Let p be ((-3)/(-1) - 6)/((-21)/322). Calculate the highest common factor of p and 2.
2
Let b be (-51 - 1)*(-3)/6. Let u = b - 1. Calculate the greatest common divisor of u and 10.
5
Let t be ((-42)/(-4))/(9/24). Let w = -8 + 12. Calculate the highest common divisor of w and t.
4
Let j be (-62 + -2)*(-3)/6. Suppose 2*v + z = 28, -3*v + j = v - 4*z. Calculate the highest common factor of 36 and v.
12
Suppose 5*j - 16 = 3*p, -5*j + 0*j = -p - 12. Let f be -2 - p/(2/117). Calculate the greatest common divisor of f and 23.
23
Let z be 15/(-4)*16/(-6). Let o be 45/1*4/z. What is the highest common divisor of o and 18?
18
Let w(j) = -3*j - 25. Let n be w(-9). Calculate the greatest common factor of n and 3.
1
Let t be (2/3)/(8/480). Suppose -3*q - 3*c = 3 - 27, t = 3*q - 5*c. What is the greatest common factor of q and 20?
10
Let f be 888/20 - 4/10. Let k be (-195)/(-21) - 4/14. Let n be (0 - 6)/(k/(-6)). What is the highest common factor of n and f?
4
Suppose 2*f = 2, -2*f - 2*f = -5*d + 56. Let x(n) = n**2 - 11*n + 5. Let v be x(d). Calculate the highest common divisor of v and 17.
17
Let n = 72 + 43. What is the greatest common divisor of n and 46?
23
Let j = 79 + -59. Calculate the highest common factor of j and 8.
4
Let j(s) = -17*s**2 + s + 1. Let u be j(-2). Let g = u + 114. What is the greatest common factor of g and 5?
5
Suppose 3*u + 0*u + 48 = 0. Let r be u/3*(-24)/4. Calculate the greatest common factor of 8 and r.
8
Suppose 5*c = c + 48. Let u(t) = -7*t - 11. Let m be u(-5). What is the highest common factor of m and c?
12
Let h be ((-18)/15)/((-4)/50). Let c be 1*(2 + -4 + 77). Calculate the greatest common divisor of c and h.
15
Let r = -5 - -11. What is the highest common factor of r and 12?
6
Let g be (-8)/6*(-6)/4. Suppose -3*k + 60 = g*k. Calculate the greatest common divisor of k and 8.
4
Suppose 71 + 84 = -v. Let l be (-2)/(-1) + (0 - v). Suppose -2*m + 100 = -o, -3*o + 8*o = 3*m - l. What is the highest common divisor of m and 7?
7
Let d be 5/5 - 198/2. Let y be d/(16/(-6) + 2). Calculate the highest common factor of 21 and y.
21
Let k(o) = 2*o**3 + o**2 + o - 1. Let w be k(1). Suppose -w*b + 8*b + 15 = 0. Let x be (-22)/(-2) - -1 - b. Calculate the highest common factor of 6 and x.
3
Suppose 0 = 4*y - 31 - 1. Let b = y + -3. Suppose -3*g - 182 = -b*g. What is the greatest common divisor of 13 and g?
13
Suppose -3*p - 54 = -0*p. Let r be (p/4)/((-1)/8). Let c be (14/(-21))/(1/(-6)). What is the highest common divisor of c and r?
4
Let m = -21 + 43. Suppose -3*o = 3*x - 42, -x + 0*x + m = 5*o. Calculate the highest common factor of x and 108.
12
Let v(y) = y + 13. Let c be v(-9). Suppose -4*q + q + w + 317 = 0, c*w = -3*q + 292. Let k = 23 - 10. What is the greatest common factor of k and q?
13
Suppose -4*q - 67 - 79 = -5*h, -2*q = 5*h - 152. Calculate the greatest common factor of 12 and h.
6
Let d(g) = 3 + 4 + g + 2. Let b be d(-4). Let n be ((-2)/(-3))/(6/135). Calculate the highest common divisor of b and n.
5
Let v = 4 + -7. Let x be 2/v*-177 + 3. What is the greatest common factor of 11 and x?
11
Let z(x) = 5*x**2 - 7*x + 22. Let h be z(8). Calculate the highest common divisor of 26 and h.
26
Suppose -a = f + 1 - 8, 3 = -a + 4*f. What is the highest common divisor of 65 and a?
5
Suppose 2*y + 2*y = 128. Calculate the highest common factor of y and 352.
32
Let j = -115 - -65. Suppose 33 = a - 22. Let f = a - j. What is the highest common factor of f and 21?
21
Suppose 5*y - 19 = 16. Let s(o) = o**2 - 5*o - 4. Let w be s(y). Let u be 0 + (-160)/(-2)*1. Calculate the greatest common factor of w and u.
10
Let w = 17 - 2. What is the greatest common factor of 165 and w?
15
Let c(g) = 3*g - 12. Let t be c(11). Let s = t + -3. Suppose -2*m + s = m. Calculate the highest common divisor of 54 and m.
6
Let h be 38/2 - (-3)/(-1). What is th